{"id":25407,"date":"2020-09-16T05:09:49","date_gmt":"2020-09-16T05:09:49","guid":{"rendered":"https:\/\/digitalizujeme.online\/?page_id=25407"},"modified":"2023-05-05T08:07:29","modified_gmt":"2023-05-05T08:07:29","slug":"home","status":"publish","type":"page","link":"https:\/\/digitalizujeme.online\/","title":{"rendered":"Home"},"content":{"rendered":"\n<div class=\"wp-block-uagb-container uagb-block-a3772033 alignfull uagb-is-root-container\"><div class=\"uagb-container-inner-blocks-wrap\">\n<div class=\"wp-block-uagb-info-box uagb-block-bde7f5fe uagb-infobox__content-wrap  uagb-infobox-icon-above-title uagb-infobox-image-valign-top\"><div class=\"uagb-ifb-content\"><div class=\"uagb-ifb-title-wrap\"><h1 class=\"uagb-ifb-title\"><strong>www.digitalizujeme.online<\/strong><\/h1><\/div><p class=\"uagb-ifb-desc\">Poskytujeme komplexn\u00e9 slu\u017eby v oblasti digitaliz\u00e1cie p\u00edsomnost\u00ed, archiv\u00e1cie p\u00edsomnost\u00ed, \u00faschovy p\u00edsomnost\u00ed a skart\u00e1cie p\u00edsomnost\u00ed<\/p><div class=\"uagb-ifb-button-wrapper wp-block-button\"><a href=\"#\" class=\"uagb-infobox-cta-link wp-block-button__link\" target=\"_self\" rel=\"noopener noreferrer\" onclick=\"return false;\" alt=\"\"><span class=\"uagb-inline-editing\">Vypracova\u0165 ponuku<\/span><\/a><\/div><\/div><\/div>\n<\/div><\/div>\n\n\n\n<div class=\"wp-block-uagb-container uagb-block-e084fb9b alignfull uagb-is-root-container\"><div class=\"uagb-container-inner-blocks-wrap\">\n<div class=\"wp-block-uagb-container uagb-block-889d4701\">\n<div class=\"wp-block-uagb-container uagb-block-ec02613a\">\n<div class=\"wp-block-uagb-info-box uagb-block-892102d2 uagb-infobox__content-wrap  uagb-infobox-icon-above-title uagb-infobox-image-valign-top\"><div class=\"uagb-ifb-content\"><div class=\"uagb-ifb-icon-wrap\"><svg xmlns=\"https:\/\/www.w3.org\/2000\/svg\" viewBox=\"0 0 512 512\"><path d=\"M187.7 153.7c-34 0-61.7 25.7-61.7 57.7 0 31.7 27.7 57.7 61.7 57.7s61.7-26 61.7-57.7c0-32-27.7-57.7-61.7-57.7zm143.4 0c-34 0-61.7 25.7-61.7 57.7 0 31.7 27.7 57.7 61.7 57.7 34.3 0 61.7-26 61.7-57.7 .1-32-27.4-57.7-61.7-57.7zm156.6 90l-6 4.3V49.7c0-27.4-20.6-49.7-46-49.7H76.6c-25.4 0-46 22.3-46 49.7V248c-2-1.4-4.3-2.9-6.3-4.3-15.1-10.6-25.1 4-16 17.7 18.3 22.6 53.1 50.3 106.3 72C58.3 525.1 252 555.7 248.9 457.5c0-.7 .3-56.6 .3-96.6 5.1 1.1 9.4 2.3 13.7 3.1 0 39.7 .3 92.8 .3 93.5-3.1 98.3 190.6 67.7 134.3-124 53.1-21.7 88-49.4 106.3-72 9.1-13.8-.9-28.3-16.1-17.8zm-30.5 19.2c-68.9 37.4-128.3 31.1-160.6 29.7-23.7-.9-32.6 9.1-33.7 24.9-10.3-7.7-18.6-15.5-20.3-17.1-5.1-5.4-13.7-8-27.1-7.7-31.7 1.1-89.7 7.4-157.4-28V72.3c0-34.9 8.9-45.7 40.6-45.7h317.7c30.3 0 40.9 12.9 40.9 45.7v190.6z\"><\/path><\/svg><\/div><div class=\"uagb-ifb-title-wrap\"><h3 class=\"uagb-ifb-title\"> Digitaliz\u00e1cia p\u00edsomnost\u00ed <\/h3><\/div><p class=\"uagb-ifb-desc\">Zabezpe\u010d\u00edme prevod fyzick\u00fdch dokumentov do digit\u00e1lnej formy. Zabezpe\u010d\u00edme aj OCR prevod textu a lokaliz\u00e1ciu do Sloven\u010diny.<\/p><\/div><\/div>\n<\/div>\n\n\n\n<div class=\"wp-block-uagb-container uagb-block-292c5f19\">\n<div class=\"wp-block-uagb-info-box uagb-block-dc8b7ca4 uagb-infobox__content-wrap  uagb-infobox-icon-above-title uagb-infobox-image-valign-top\"><div class=\"uagb-ifb-content\"><div class=\"uagb-ifb-icon-wrap\"><svg xmlns=\"https:\/\/www.w3.org\/2000\/svg\" viewBox=\"0 0 512 512\"><path d=\"M512 288c0 35.35-21.49 64-48 64c-32.43 0-31.72-32-55.64-32C394.9 320 384 330.9 384 344.4V480c0 17.67-14.33 32-32 32h-71.64C266.9 512 256 501.1 256 487.6C256 463.1 288 464.4 288 432c0-26.51-28.65-48-64-48s-64 21.49-64 48c0 32.43 32 31.72 32 55.64C192 501.1 181.1 512 167.6 512H32c-17.67 0-32-14.33-32-32v-135.6C0 330.9 10.91 320 24.36 320C48.05 320 47.6 352 80 352C106.5 352 128 323.3 128 288S106.5 223.1 80 223.1c-32.43 0-31.72 32-55.64 32C10.91 255.1 0 245.1 0 231.6v-71.64c0-17.67 14.33-31.1 32-31.1h135.6C181.1 127.1 192 117.1 192 103.6c0-23.69-32-23.24-32-55.64c0-26.51 28.65-47.1 64-47.1s64 21.49 64 47.1c0 32.43-32 31.72-32 55.64c0 13.45 10.91 24.36 24.36 24.36H352c17.67 0 32 14.33 32 31.1v71.64c0 13.45 10.91 24.36 24.36 24.36c23.69 0 23.24-32 55.64-32C490.5 223.1 512 252.7 512 288z\"><\/path><\/svg><\/div><div class=\"uagb-ifb-title-wrap\"><h3 class=\"uagb-ifb-title\"> Archiv\u00e1cia p\u00edsomnost\u00ed <\/h3><\/div><p class=\"uagb-ifb-desc\">Fyzicky pre V\u00e1s archivujeme  dokumenty na dlhodob\u00e9 obdobie v bezpe\u010dnom a klimatizovanom priestore. Zaru\u010dujeme, \u017ee dokumenty s\u00fa chr\u00e1nen\u00e9 pred po\u0161koden\u00edm a stratou. <\/p><\/div><\/div>\n<\/div>\n\n\n\n<div class=\"wp-block-uagb-container uagb-block-1393956e\">\n<div class=\"wp-block-uagb-info-box uagb-block-17a61c62 uagb-infobox__content-wrap  uagb-infobox-icon-above-title uagb-infobox-image-valign-top\"><div class=\"uagb-ifb-content\"><div class=\"uagb-ifb-icon-wrap\"><svg xmlns=\"https:\/\/www.w3.org\/2000\/svg\" viewBox=\"0 0 512 512\"><path d=\"M234.5 5.709C248.4 .7377 263.6 .7377 277.5 5.709L469.5 74.28C494.1 83.38 512 107.5 512 134.6V377.4C512 404.5 494.1 428.6 469.5 437.7L277.5 506.3C263.6 511.3 248.4 511.3 234.5 506.3L42.47 437.7C17 428.6 0 404.5 0 377.4V134.6C0 107.5 17 83.38 42.47 74.28L234.5 5.709zM256 65.98L82.34 128L256 190L429.7 128L256 65.98zM288 434.6L448 377.4V189.4L288 246.6V434.6z\"><\/path><\/svg><\/div><div class=\"uagb-ifb-title-wrap\"><h3 class=\"uagb-ifb-title\"> Skart\u00e1cia p\u00edsomnosti <\/h3><\/div><p class=\"uagb-ifb-desc\">Slu\u017eba zah\u0155\u0148a bezpe\u010dn\u00e9 zni\u010denie dokumentov, ktor\u00e9 u\u017e nie s\u00fa pre V\u00e1s potrebn\u00e9. T\u00e1to slu\u017eba zaru\u010duje, \u017ee dokumenty bud\u00fa bezpe\u010dne zni\u010den\u00e9 a v s\u00falade s platn\u00fdmi z\u00e1konmi o ochrane osobn\u00fdch \u00fadajov a in\u00fdmi pr\u00e1vnymi normami.<\/p><\/div><\/div>\n<\/div>\n<\/div>\n<\/div><\/div>\n\n\n\n<div class=\"wp-block-uagb-container uagb-block-453b0e78 alignfull uagb-is-root-container\"><div class=\"uagb-container-inner-blocks-wrap\">\n<div class=\"wp-block-uagb-advanced-heading uagb-block-50ff91e3\"><h2 class=\"uagb-heading-text\">Odborn\u00edk na p\u00edsomnosti<\/h2><p class=\"uagb-desc-text\">Vypracujeme V\u00e1m intern\u00fa smernicu klasifik\u00e1cie p\u00edsomnost\u00ed,  \u200b\u00faschovy p\u00edsomnost\u00ed ako aj skart\u00e1cie  p\u00edsomnost\u00ed<\/p><\/div>\n<\/div><\/div>\n\n\n\n<div class=\"wp-block-uagb-container uagb-block-93dde64f alignfull uagb-is-root-container\"><div class=\"uagb-container-inner-blocks-wrap\"><\/div><\/div>\n","protected":false},"excerpt":{"rendered":"<p>Odborn\u00edk na p\u00edsomnosti Vypracujeme V\u00e1m intern\u00fa smernicu klasifik\u00e1cie p\u00edsomnost\u00ed, \u200b\u00faschovy p\u00edsomnost\u00ed ako aj skart\u00e1cie p\u00edsomnost\u00ed<\/p>\n","protected":false},"author":2,"featured_media":0,"parent":0,"menu_order":0,"comment_status":"closed","ping_status":"closed","template":"","meta":{"_uag_custom_page_level_css":"","site-sidebar-layout":"no-sidebar","site-content-layout":"plain-container","ast-global-header-display":"","ast-main-header-display":"","ast-hfb-above-header-display":"","ast-hfb-below-header-display":"","ast-hfb-mobile-header-display":"","site-post-title":"disabled","ast-breadcrumbs-content":"","ast-featured-img":"disabled","footer-sml-layout":"","theme-transparent-header-meta":"enabled","adv-header-id-meta":"","stick-header-meta":"","header-above-stick-meta":"","header-main-stick-meta":"","header-below-stick-meta":"","footnotes":""},"class_list":["post-25407","page","type-page","status-publish","hentry"],"uagb_featured_image_src":{"full":false,"thumbnail":false,"medium":false,"medium_large":false,"large":false,"1536x1536":false,"2048x2048":false},"uagb_author_info":{"display_name":"ondriska@secom.sk","author_link":"https:\/\/digitalizujeme.online\/?author=2"},"uagb_comment_info":0,"uagb_excerpt":"Odborn\u00edk na p\u00edsomnosti Vypracujeme V\u00e1m intern\u00fa smernicu klasifik\u00e1cie p\u00edsomnost\u00ed, \u200b\u00faschovy p\u00edsomnost\u00ed ako aj skart\u00e1cie p\u00edsomnost\u00ed","_links":{"self":[{"href":"https:\/\/digitalizujeme.online\/index.php?rest_route=\/wp\/v2\/pages\/25407","targetHints":{"allow":["GET"]}}],"collection":[{"href":"https:\/\/digitalizujeme.online\/index.php?rest_route=\/wp\/v2\/pages"}],"about":[{"href":"https:\/\/digitalizujeme.online\/index.php?rest_route=\/wp\/v2\/types\/page"}],"author":[{"embeddable":true,"href":"https:\/\/digitalizujeme.online\/index.php?rest_route=\/wp\/v2\/users\/2"}],"replies":[{"embeddable":true,"href":"https:\/\/digitalizujeme.online\/index.php?rest_route=%2Fwp%2Fv2%2Fcomments&post=25407"}],"version-history":[{"count":8,"href":"https:\/\/digitalizujeme.online\/index.php?rest_route=\/wp\/v2\/pages\/25407\/revisions"}],"predecessor-version":[{"id":26483,"href":"https:\/\/digitalizujeme.online\/index.php?rest_route=\/wp\/v2\/pages\/25407\/revisions\/26483"}],"wp:attachment":[{"href":"https:\/\/digitalizujeme.online\/index.php?rest_route=%2Fwp%2Fv2%2Fmedia&parent=25407"}],"curies":[{"name":"wp","href":"https:\/\/api.w.org\/{rel}","templated":true}]}}